{"id":1257,"date":"2016-02-12T08:13:06","date_gmt":"2016-02-12T08:13:06","guid":{"rendered":"http:\/\/demos.famethemes.com\/onepress\/?page_id=24"},"modified":"2017-10-06T21:42:10","modified_gmt":"2017-10-06T19:42:10","slug":"service-title-2","status":"publish","type":"page","link":"https:\/\/airelles-environnement.fr\/?page_id=1257","title":{"rendered":"Audit de conformit\u00e9"},"content":{"rendered":"<p>[vc_row][vc_column width=&#8221;1\/4&#8243;][vc_single_image image=&#8221;1312&#8243; alignment=&#8221;center&#8221;][\/vc_column][vc_column width=&#8221;3\/4&#8243;][vc_column_text]R\u00e9aliser un audit de conformit\u00e9 r\u00e9glementaire p\u00e9riodique est primordial afin de s\u2019assurer qu\u2019un site est exploit\u00e9 conform\u00e9ment aux prescriptions de son Arr\u00eat\u00e9 Pr\u00e9fectoral et des Arr\u00eat\u00e9s Minist\u00e9riels applicables.<\/p>\n<p>AIRELLES Environnement vous accompagne dans\u00a0:<br \/>\n&#8211; La r\u00e9alisation de l\u2019audit et du bilan de conformit\u00e9 r\u00e9glementaire,<br \/>\n&#8211; L\u2019\u00e9laboration d\u2019un plan d\u2019actions de mise en conformit\u00e9,<br \/>\n&#8211; L\u2019estimation du co\u00fbt des travaux de mise en conformit\u00e9.[\/vc_column_text][\/vc_column][\/vc_row]<\/p>\n","protected":false},"excerpt":{"rendered":"<p>Analyse des \u00e9carts vis-\u00e0-vis des prescriptions de l&#8217;AP et des AM applicables au site.<br \/>\nPlans d\u2019actions et estimation du co\u00fbt des travaux<br \/>\n<strong>Cliquez pour en savoir plus&#8230;<\/strong><\/p>\n","protected":false},"author":1,"featured_media":0,"parent":0,"menu_order":0,"comment_status":"closed","ping_status":"closed","template":"","meta":[],"_links":{"self":[{"href":"https:\/\/airelles-environnement.fr\/index.php?rest_route=\/wp\/v2\/pages\/1257"}],"collection":[{"href":"https:\/\/airelles-environnement.fr\/index.php?rest_route=\/wp\/v2\/pages"}],"about":[{"href":"https:\/\/airelles-environnement.fr\/index.php?rest_route=\/wp\/v2\/types\/page"}],"author":[{"embeddable":true,"href":"https:\/\/airelles-environnement.fr\/index.php?rest_route=\/wp\/v2\/users\/1"}],"replies":[{"embeddable":true,"href":"https:\/\/airelles-environnement.fr\/index.php?rest_route=%2Fwp%2Fv2%2Fcomments&post=1257"}],"version-history":[{"count":8,"href":"https:\/\/airelles-environnement.fr\/index.php?rest_route=\/wp\/v2\/pages\/1257\/revisions"}],"predecessor-version":[{"id":1605,"href":"https:\/\/airelles-environnement.fr\/index.php?rest_route=\/wp\/v2\/pages\/1257\/revisions\/1605"}],"wp:attachment":[{"href":"https:\/\/airelles-environnement.fr\/index.php?rest_route=%2Fwp%2Fv2%2Fmedia&parent=1257"}],"curies":[{"name":"wp","href":"https:\/\/api.w.org\/{rel}","templated":true}]}}