{"id":1294,"date":"2017-09-08T23:26:01","date_gmt":"2017-09-08T21:26:01","guid":{"rendered":"http:\/\/airelles-environnement.fr\/?page_id=1294"},"modified":"2017-10-01T18:11:37","modified_gmt":"2017-10-01T16:11:37","slug":"plan-de-defense-incendie","status":"publish","type":"page","link":"https:\/\/airelles-environnement.fr\/?page_id=1294","title":{"rendered":"Plan de d\u00e9fense incendie"},"content":{"rendered":"<p>[vc_row][vc_column width=&#8221;1\/4&#8243;][vc_single_image image=&#8221;1316&#8243; alignment=&#8221;center&#8221;][\/vc_column][vc_column width=&#8221;3\/4&#8243;][vc_column_text]La mise en place d\u2019un Plan de D\u00e9fense Incendie est obligatoire, notamment pour tout b\u00e2timent logistique ICPE class\u00e9 \u00e0 Autorisation.<br \/>\nLa mise en place d\u2019une organisation interne en cas d\u2019incendie peut \u00e9galement \u00eatre demand\u00e9e par l\u2019Inspection des Installations Class\u00e9es pour les autres r\u00e9gimes de classement.<\/p>\n<p>AIRELLES Environnement vous accompagne pour\u00a0:<br \/>\n&#8211; La mise en place de Plan de de d\u00e9fense contre l\u2019incendie, de Plan d\u2019Op\u00e9ration Interne (POI), de Plan d\u2019Intervention Interne, de Plan d\u2019Urgence, etc&#8230;<br \/>\n&#8211; La formation et la sensibilisation du personnel,<br \/>\n&#8211; L\u2019organisation d\u2019exercice de d\u00e9fense contre l\u2019incendie.[\/vc_column_text][\/vc_column][\/vc_row]<\/p>\n","protected":false},"excerpt":{"rendered":"<p>Elaboration de documents d\u2019organisation en cas d&#8217;incendie.<br \/>\nSensibilisation du personnel et organisation d\u2019exercice de mise en application.<br \/>\n<strong>Cliquez pour en savoir plus&#8230;<\/strong><\/p>\n","protected":false},"author":1,"featured_media":0,"parent":0,"menu_order":0,"comment_status":"closed","ping_status":"closed","template":"","meta":[],"_links":{"self":[{"href":"https:\/\/airelles-environnement.fr\/index.php?rest_route=\/wp\/v2\/pages\/1294"}],"collection":[{"href":"https:\/\/airelles-environnement.fr\/index.php?rest_route=\/wp\/v2\/pages"}],"about":[{"href":"https:\/\/airelles-environnement.fr\/index.php?rest_route=\/wp\/v2\/types\/page"}],"author":[{"embeddable":true,"href":"https:\/\/airelles-environnement.fr\/index.php?rest_route=\/wp\/v2\/users\/1"}],"replies":[{"embeddable":true,"href":"https:\/\/airelles-environnement.fr\/index.php?rest_route=%2Fwp%2Fv2%2Fcomments&post=1294"}],"version-history":[{"count":6,"href":"https:\/\/airelles-environnement.fr\/index.php?rest_route=\/wp\/v2\/pages\/1294\/revisions"}],"predecessor-version":[{"id":1549,"href":"https:\/\/airelles-environnement.fr\/index.php?rest_route=\/wp\/v2\/pages\/1294\/revisions\/1549"}],"wp:attachment":[{"href":"https:\/\/airelles-environnement.fr\/index.php?rest_route=%2Fwp%2Fv2%2Fmedia&parent=1294"}],"curies":[{"name":"wp","href":"https:\/\/api.w.org\/{rel}","templated":true}]}}

Plan de défense incendie

<p>[vc_row][vc_column width=&#8221;1/4&#8243;][vc_single_image image=&#8221;1316&#8243; alignment=&#8221;center&#8221;][/vc_column][vc_column width=&#8221;3/4&#8243;][vc_column_text]La mise en place d’un Plan de Défense Incendie est obligatoire, notamment pour tout bâtiment logistique ICPE classé à Autorisation.<br />
La mise en place d’une organisation interne en cas d’incendie peut également être demandée par l’Inspection des Installations Classées pour les autres régimes de classement.</p>
<p>AIRELLES Environnement vous accompagne pour :<br />
&#8211; La mise en place de Plan de de défense contre l’incendie, de Plan d’Opération Interne (POI), de Plan d’Intervention Interne, de Plan d’Urgence, etc&#8230;<br />
&#8211; La formation et la sensibilisation du personnel,<br />
&#8211; L’organisation d’exercice de défense contre l’incendie.[/vc_column_text][/vc_column][/vc_row]</p>
